 of 48243940?
4
What is the hundreds digit of 1407483902?
9
What is the units digit of 42660734?
4
What is the hundreds digit of 51887106?
1
What is the tens digit of 42733006?
0
What is the hundreds digit of 649927998?
9
What is the millions digit of 204032117?
4
What is the thousands digit of 3276561?
6
What is the ten thousands digit of 327368419?
6
What is the tens digit of 284896664?
6
What is the units digit of 60731746?
6
What is the hundred thousands digit of 34917395?
9
What is the hundreds digit of 67820174?
1
What is the hundred thousands digit of 70663172?
6
What is the ten thousands digit of 210207716?
0
What is the units digit of 199791100?
0
What is the hundred thousands digit of 4962572?
9
What is the hundred millions digit of 328127379?
3
What is the hundred thousands digit of 55839726?
8
What is the ten thousands digit of 31682143?
8
What is the tens digit of 1692809724?
2
What is the tens digit of 2211412187?
8
What is the hundred thousands digit of 12370284?
3
What is the tens digit of 43001468?
6
What is the billions digit of 1395044695?
1
What is the tens digit of 109869255?
5
What is the hundred thousands digit of 7706296?
7
What is the tens digit of 1386744805?
0
What is the thousands digit of 724549795?
9
What is the hundreds digit of 4149682261?
2
What is the tens digit of 234233168?
6
What is the thousands digit of 90293183?
3
What is the millions digit of 3358222694?
8
What is the units digit of 129094071?
1
What is the hundred millions digit of 174160530?
1
What is the hundreds digit of 16904705?
7
What is the hundred thousands digit of 364713733?
7
What is the millions digit of 1109024596?
9
What is the millions digit of 65065392?
5
What is the hundreds digit of 294808724?
7
What is the millions digit of 44326026?
4
What is the hundreds digit of 2395767251?
2
What is the ten millions digit of 165831282?
6
What is the thousands digit of 11472269?
2
What is the millions digit of 52439263?
2
What is the tens digit of 1284827597?
9
What is the ten thousands digit of 27338292?
3
What is the hundreds digit of 121987817?
8
What is the hundred millions digit of 284014205?
2
What is the hundred thousands digit of 39655329?
6
What is the hundred millions digit of 1756516359?
7
What is the hundreds digit of 268616490?
4
What is the ten millions digit of 3365754538?
6
What is the tens digit of 8524588406?
0
What is the hundred thousands digit of 960695644?
6
What is the units digit of 93850284?
4
What is the tens digit of 17125466?
6
What is the thousands digit of 178690932?
0
What is the hundred millions digit of 2960664208?
9
What is the hundreds digit of 1019221167?
1
What is the hundred millions digit of 3998804230?
9
What is the thousands digit of 46397608?
7
What is the ten millions digit of 426576884?
2
What is the thousands digit of 122264454?
4
What is the ten thousands digit of 316914062?
1
What is the billions digit of 4931201594?
4
What is the hundred millions digit of 185791893?
1
What is the thousands digit of 68469229?
9
What is the ten millions digit of 1835565523?
3
What is the millions digit of 3153292379?
3
What is the ten thousands digit of 228263372?
6
What is the hundreds digit of 2975582010?
0
What is the hundred millions digit of 604083398?
6
What is the hundred thousands digit of 154658444?
6
What is the billions digit of 6329979651?
6
What is the ten millions digit of 253932702?
5
What is the millions digit of 5746116869?
6
What is the tens digit of 13528477?
7
What is the tens digit of 234918747?
4
What is the hundred millions digit of 3140565577?
1
What is the ten millions digit of 721320420?
2
What is the tens digit of 67127475?
7
What is the hundreds digit of 49494896?
8
What is the ten millions digit of 379837276?
7
What is the ten millions digit of 3375667801?
7
What is the units digit of 33065464?
4
What is the millions digit of 3194725826?
4
What is the hundred millions digit of 417561545?
4
What is the millions digit of 283103486?
3
What is the ten thousands digit of 280337801?
3
What is the millions digit of 2818343280?
8
What is the ten thousands digit of 1255471409?
7
What is the ten thousands digit of 279705709?
0
What is the tens digit of 139580843?
4
What is the hundreds digit of 101446616?
6
What is the thousands digit of 96414206?
4
What is the billions digit of 1025530855?
1
What is the hundred thousands digit of 1515410745?
4
What is the thousands digit of 5247619887?
9
What is the hundreds digit of 176321450?
4
What is the hundred millions digit of 241596153?
2
What is the units digit of 553160898?
8
What is the ten millions digit of 161710967?
6
What is the ten millions digit of 1758980078?
5
What is the hundreds digit of 193395783?
7
What is the thousands digit of 3989608032?
8
What is the hundreds digit of 1263333247?
2
What is the hundreds digit of 17878055?
0
What is the thousands digit of 5239279609?
9
What is the ten millions digit of 308669209?
0
What is the tens digit of 621240610?
1
What is the ten millions digit of 27427190?
2
What is the ten thousands digit of 1719221099?
2
What is the ten thousands digit of 64816827?
1
What is the hundreds digit of 3893256463?
4
What is the ten millions digit of 133017519?
3
What is the units digit of 82377191?
1
What is the hundreds digit of 646786874?
8
What is the ten millions digit of 42214666?
4
What is the units digit of 857688013?
3
What is the hundreds digit of 156035933?
9
What is the millions digit of 2833522274?
3
What is the ten millions digit of 826698478?
2
What is the ten thousands digit of 130749871?
4
What is the tens digit of 541879205?
0
What is the hundreds digit of 45472116?
1
What is the hundred thousands digit of 1248113511?
1
What is the millions digit of 136540304?
6
What is the ten millions digit of 65582188?
6
What is the tens digit of 347230713?
1
What is the ten millions digit of 21162199?
2
What is the hundreds digit of 385809551?
5
What is the millions digit of 3794459260?
4
What is the tens digit of 1214942044?
4
What is the millions digit of 147301710?
7
What is the millions digit of 137059431?
7
What is the hundreds digit of 1561552765?
7
What is the tens digit of 129012722?
2
What is the tens digit of 108449642?
4
What is the hundred thousands digit of 711263654?
2
What is the ten millions digit of 1150053992?
5
What is the hundreds digit of 38849425?
4
What is the units digit of 49752110?
0
What is the ten millions digit of 305479813?
0
What is the billions digit of 1025169999?
1
What is the thousands digit of 305009159?
9
What is the hundred thousands digit of 83427395?
4
What is the ten thousands digit of 32979194?
7
What is the hundred millions digit of 804797737?
8
What is the thousands digit of 340984639?
4
What is the tens digit of 39932338?
3
What is the hundred thousands digit of 621921776?
9
What is the ten thousands digit of 71254666?
5
What is the ten thousands digit of 147231101?
3
What is the ten millions digit of 970725089?
7
What is the billions digit of 2301178203?
2
What is the millions digit of 24560962?
4
What is the millions digit of 18326792?
8
What is the hundreds digit of 190720840?
8
What is the thousands digit of 153061302?
1
What is the tens digit of 140419406?
0
What is the tens digit of 2946086867?
6
What is the hundreds digit of 5219366?
3
What is the hundred thousands digit of 5748528137?
5
What is the hundred thousands digit of 22901489?
9
What is the millions digit of 898073446?
8
What is the units digit of 46912422?
2
What is the tens digit of 1527937387?
8
What is the units digit of 48493630?
0
What is the ten thousands digit of 19178667?
7
What is the billions digit of 2281931416?
2
What is the hundred thousands digit of 339146774?
1
What is the units digit of 131376794?
4
What is the units digit of 114773580?
0
What is the ten millions digit of 1930166046?
3
What is the millions digit of 590771764?
0
What is the ten thousands digit of 39848749?
4
What is the ten millions digit of 131511697?
3
What is the tens digit of 70638013?
1
What is the hundreds digit of 4015249?
2
What is the ten millions digit of 53263300?
5
What is the units digit of 460624155?
5
What is the millions digit of 4648117?
4
What is the ten millions digit of 189438471?
8
What is the hundre